{"id":764,"date":"2026-01-20T13:02:59","date_gmt":"2026-01-20T13:02:59","guid":{"rendered":"https:\/\/staging.ravinnonvoima.fi\/?page_id=764"},"modified":"2026-01-20T13:09:13","modified_gmt":"2026-01-20T13:09:13","slug":"ravintoterapeutin-blogi","status":"publish","type":"page","link":"https:\/\/ravinnonvoima.fi\/index.php\/ravintoterapeutin-blogi\/","title":{"rendered":"Blogi"},"content":{"rendered":"\t\t<div data-elementor-type=\"wp-page\" data-elementor-id=\"764\" class=\"elementor elementor-764\" data-elementor-post-type=\"page\">\n\t\t\t\t<div class=\"elementor-element elementor-element-a6aec91 e-flex e-con-boxed e-con e-parent\" data-id=\"a6aec91\" data-element_type=\"container\" data-e-type=\"container\">\n\t\t\t\t\t<div class=\"e-con-inner\">\n\t\t\t\t\t<\/div>\n\t\t\t\t<\/div>\n\t\t<div class=\"elementor-element elementor-element-842342d e-flex e-con-boxed e-con e-parent\" data-id=\"842342d\" data-element_type=\"container\" data-e-type=\"container\">\n\t\t\t\t\t<div class=\"e-con-inner\">\n\t\t\t\t<div class=\"elementor-element elementor-element-b8a11b7 elementor-widget elementor-widget-spacer\" data-id=\"b8a11b7\" data-element_type=\"widget\" data-e-type=\"widget\" data-widget_type=\"spacer.default\">\n\t\t\t\t\t\t\t<div class=\"elementor-spacer\">\n\t\t\t<div class=\"elementor-spacer-inner\"><\/div>\n\t\t<\/div>\n\t\t\t\t\t\t<\/div>\n\t\t\t\t<div class=\"elementor-element elementor-element-8147213 elementor-widget elementor-widget-heading\" data-id=\"8147213\" data-element_type=\"widget\" data-e-type=\"widget\" data-widget_type=\"heading.default\">\n\t\t\t\t\t<h2 class=\"elementor-heading-title elementor-size-default\">Ravintoterapeutin blogi<\/h2>\t\t\t\t<\/div>\n\t\t\t\t\t<\/div>\n\t\t\t\t<\/div>\n\t\t<div class=\"elementor-element elementor-element-fe778b7 e-flex e-con-boxed e-con e-parent\" data-id=\"fe778b7\" data-element_type=\"container\" data-e-type=\"container\">\n\t\t\t\t\t<div class=\"e-con-inner\">\n\t\t<div class=\"elementor-element elementor-element-48b967f e-con-full e-flex e-con e-child\" data-id=\"48b967f\" data-element_type=\"container\" data-e-type=\"container\">\n\t\t\t\t<div class=\"elementor-element elementor-element-acdf9a3 elementor-grid-3 elementor-grid-tablet-2 elementor-grid-mobile-1 elementor-posts--thumbnail-top elementor-widget elementor-widget-posts\" data-id=\"acdf9a3\" data-element_type=\"widget\" data-e-type=\"widget\" data-settings=\"{&quot;classic_columns&quot;:&quot;3&quot;,&quot;classic_columns_tablet&quot;:&quot;2&quot;,&quot;classic_columns_mobile&quot;:&quot;1&quot;,&quot;classic_row_gap&quot;:{&quot;unit&quot;:&quot;px&quot;,&quot;size&quot;:35,&quot;sizes&quot;:[]},&quot;classic_row_gap_tablet&quot;:{&quot;unit&quot;:&quot;px&quot;,&quot;size&quot;:&quot;&quot;,&quot;sizes&quot;:[]},&quot;classic_row_gap_mobile&quot;:{&quot;unit&quot;:&quot;px&quot;,&quot;size&quot;:&quot;&quot;,&quot;sizes&quot;:[]}}\" data-widget_type=\"posts.classic\">\n\t\t\t\t<div class=\"elementor-widget-container\">\n\t\t\t\t\t\t\t<div class=\"elementor-posts-container elementor-posts elementor-posts--skin-classic elementor-grid\" role=\"list\">\n\t\t\t\t<article class=\"elementor-post elementor-grid-item post-1290 post type-post status-publish format-standard has-post-thumbnail hentry category-testit\" role=\"listitem\">\n\t\t\t\t<a class=\"elementor-post__thumbnail__link\" href=\"https:\/\/ravinnonvoima.fi\/index.php\/2026\/02\/03\/suolahappotesti-ja-hapoton-maha\/\" tabindex=\"-1\" >\n\t\t\t<div class=\"elementor-post__thumbnail\"><img fetchpriority=\"high\" decoding=\"async\" width=\"300\" height=\"169\" src=\"https:\/\/ravinnonvoima.fi\/wp-content\/uploads\/2026\/02\/maha-sydan-300x169.jpg\" class=\"attachment-medium size-medium wp-image-1294\" alt=\"\" srcset=\"https:\/\/ravinnonvoima.fi\/wp-content\/uploads\/2026\/02\/maha-sydan-300x169.jpg 300w, https:\/\/ravinnonvoima.fi\/wp-content\/uploads\/2026\/02\/maha-sydan-1024x577.jpg 1024w, https:\/\/ravinnonvoima.fi\/wp-content\/uploads\/2026\/02\/maha-sydan-768x433.jpg 768w, https:\/\/ravinnonvoima.fi\/wp-content\/uploads\/2026\/02\/maha-sydan-1536x865.jpg 1536w, https:\/\/ravinnonvoima.fi\/wp-content\/uploads\/2026\/02\/maha-sydan-2048x1154.jpg 2048w\" sizes=\"(max-width: 300px) 100vw, 300px\" \/><\/div>\n\t\t<\/a>\n\t\t\t\t<div class=\"elementor-post__text\">\n\t\t\t\t<h3 class=\"elementor-post__title\">\n\t\t\t<a href=\"https:\/\/ravinnonvoima.fi\/index.php\/2026\/02\/03\/suolahappotesti-ja-hapoton-maha\/\" >\n\t\t\t\tSuolahappotesti ja hapoton maha\t\t\t<\/a>\n\t\t<\/h3>\n\t\t\t\t<div class=\"elementor-post__meta-data\">\n\t\t\t\t\t<span class=\"elementor-post-date\">\n\t\t\t3.2.2026\t\t<\/span>\n\t\t\t\t<span class=\"elementor-post-avatar\">\n\t\t\tEi kommentteja\t\t<\/span>\n\t\t\t\t<\/div>\n\t\t\t\t<div class=\"elementor-post__excerpt\">\n\t\t\t<p>Hapottoman mahan lukuisat oireet j\u00e4\u00e4v\u00e4t usein huomiotta ja oireita hoidetaan n\u00e4r\u00e4stysl\u00e4\u00e4kkein tai lausahduksella &#8221;oireiden kanssa on vain opeteltava el\u00e4m\u00e4\u00e4n&#8221;<\/p>\n\t\t<\/div>\n\t\t\n\t\t<a class=\"elementor-post__read-more\" href=\"https:\/\/ravinnonvoima.fi\/index.php\/2026\/02\/03\/suolahappotesti-ja-hapoton-maha\/\" aria-label=\"Read more about Suolahappotesti ja hapoton maha\" tabindex=\"-1\" >\n\t\t\tRead More \u00bb\t\t<\/a>\n\n\t\t\t\t<\/div>\n\t\t\t\t<\/article>\n\t\t\t\t<article class=\"elementor-post elementor-grid-item post-248 post type-post status-publish format-standard has-post-thumbnail hentry category-testit\" role=\"listitem\">\n\t\t\t\t<a class=\"elementor-post__thumbnail__link\" href=\"https:\/\/ravinnonvoima.fi\/index.php\/2025\/12\/18\/kotitesti-kilpirauhasen-vajaatoimintaan\/\" tabindex=\"-1\" >\n\t\t\t<div class=\"elementor-post__thumbnail\"><img decoding=\"async\" width=\"300\" height=\"170\" src=\"https:\/\/ravinnonvoima.fi\/wp-content\/uploads\/2025\/12\/Nimeton-malli-5-300x170.png\" class=\"attachment-medium size-medium wp-image-133\" alt=\"\" srcset=\"https:\/\/ravinnonvoima.fi\/wp-content\/uploads\/2025\/12\/Nimeton-malli-5-300x170.png 300w, https:\/\/ravinnonvoima.fi\/wp-content\/uploads\/2025\/12\/Nimeton-malli-5-1024x579.png 1024w, https:\/\/ravinnonvoima.fi\/wp-content\/uploads\/2025\/12\/Nimeton-malli-5-768x434.png 768w, https:\/\/ravinnonvoima.fi\/wp-content\/uploads\/2025\/12\/Nimeton-malli-5.png 1366w\" sizes=\"(max-width: 300px) 100vw, 300px\" \/><\/div>\n\t\t<\/a>\n\t\t\t\t<div class=\"elementor-post__text\">\n\t\t\t\t<h3 class=\"elementor-post__title\">\n\t\t\t<a href=\"https:\/\/ravinnonvoima.fi\/index.php\/2025\/12\/18\/kotitesti-kilpirauhasen-vajaatoimintaan\/\" >\n\t\t\t\tKotitesti kilpirauhasen vajaatoimintaan\t\t\t<\/a>\n\t\t<\/h3>\n\t\t\t\t<div class=\"elementor-post__meta-data\">\n\t\t\t\t\t<span class=\"elementor-post-date\">\n\t\t\t18.12.2025\t\t<\/span>\n\t\t\t\t<span class=\"elementor-post-avatar\">\n\t\t\tEi kommentteja\t\t<\/span>\n\t\t\t\t<\/div>\n\t\t\t\t<div class=\"elementor-post__excerpt\">\n\t\t\t<p>Kilpirauhasen piilev\u00e4 vajaatoiminta on yleist\u00e4. Kilpirauhasen ongelmissa tuijotetaan usein liikaa viitearvoja&#8230;<\/p>\n\t\t<\/div>\n\t\t\n\t\t<a class=\"elementor-post__read-more\" href=\"https:\/\/ravinnonvoima.fi\/index.php\/2025\/12\/18\/kotitesti-kilpirauhasen-vajaatoimintaan\/\" aria-label=\"Read more about Kotitesti kilpirauhasen vajaatoimintaan\" tabindex=\"-1\" >\n\t\t\tRead More \u00bb\t\t<\/a>\n\n\t\t\t\t<\/div>\n\t\t\t\t<\/article>\n\t\t\t\t<article class=\"elementor-post elementor-grid-item post-105 post type-post status-publish format-standard has-post-thumbnail hentry category-muut category-ravinto\" role=\"listitem\">\n\t\t\t\t<a class=\"elementor-post__thumbnail__link\" href=\"https:\/\/ravinnonvoima.fi\/index.php\/2025\/12\/18\/apua-vatsavaivoihin\/\" tabindex=\"-1\" >\n\t\t\t<div class=\"elementor-post__thumbnail\"><img decoding=\"async\" width=\"300\" height=\"251\" src=\"https:\/\/ravinnonvoima.fi\/wp-content\/uploads\/2025\/12\/Untitled-design-43-300x251.png\" class=\"attachment-medium size-medium wp-image-107\" alt=\"\" srcset=\"https:\/\/ravinnonvoima.fi\/wp-content\/uploads\/2025\/12\/Untitled-design-43-300x251.png 300w, https:\/\/ravinnonvoima.fi\/wp-content\/uploads\/2025\/12\/Untitled-design-43-768x644.png 768w, https:\/\/ravinnonvoima.fi\/wp-content\/uploads\/2025\/12\/Untitled-design-43.png 940w\" sizes=\"(max-width: 300px) 100vw, 300px\" \/><\/div>\n\t\t<\/a>\n\t\t\t\t<div class=\"elementor-post__text\">\n\t\t\t\t<h3 class=\"elementor-post__title\">\n\t\t\t<a href=\"https:\/\/ravinnonvoima.fi\/index.php\/2025\/12\/18\/apua-vatsavaivoihin\/\" >\n\t\t\t\tApua vatsavaivoihin!\t\t\t<\/a>\n\t\t<\/h3>\n\t\t\t\t<div class=\"elementor-post__meta-data\">\n\t\t\t\t\t<span class=\"elementor-post-date\">\n\t\t\t18.12.2025\t\t<\/span>\n\t\t\t\t<span class=\"elementor-post-avatar\">\n\t\t\tEi kommentteja\t\t<\/span>\n\t\t\t\t<\/div>\n\t\t\t\t<div class=\"elementor-post__excerpt\">\n\t\t\t<p>Sy\u00f6m\u00e4mme ruoka vaikuttaa suoraan vatsan ja suoliston toimintaan.\u00a0Ruoansulatuselimist\u00f6n toiminta ja suoliston mikrobikanta\u00a0vaikuttavat mahasuolikanavan lis\u00e4ksi koko ihmisen hyvinvointiin&#8230;<\/p>\n\t\t<\/div>\n\t\t\n\t\t<a class=\"elementor-post__read-more\" href=\"https:\/\/ravinnonvoima.fi\/index.php\/2025\/12\/18\/apua-vatsavaivoihin\/\" aria-label=\"Read more about Apua vatsavaivoihin!\" tabindex=\"-1\" >\n\t\t\tRead More \u00bb\t\t<\/a>\n\n\t\t\t\t<\/div>\n\t\t\t\t<\/article>\n\t\t\t\t<article class=\"elementor-post elementor-grid-item post-1 post type-post status-publish format-standard has-post-thumbnail hentry category-muut\" role=\"listitem\">\n\t\t\t\t<a class=\"elementor-post__thumbnail__link\" href=\"https:\/\/ravinnonvoima.fi\/index.php\/2025\/12\/17\/hello-world\/\" tabindex=\"-1\" >\n\t\t\t<div class=\"elementor-post__thumbnail\"><img loading=\"lazy\" decoding=\"async\" width=\"300\" height=\"173\" src=\"https:\/\/ravinnonvoima.fi\/wp-content\/uploads\/2025\/12\/Ravinnon-voima-300x173.jpg\" class=\"attachment-medium size-medium wp-image-23\" alt=\"\" srcset=\"https:\/\/ravinnonvoima.fi\/wp-content\/uploads\/2025\/12\/Ravinnon-voima-300x173.jpg 300w, https:\/\/ravinnonvoima.fi\/wp-content\/uploads\/2025\/12\/Ravinnon-voima-1024x590.jpg 1024w, https:\/\/ravinnonvoima.fi\/wp-content\/uploads\/2025\/12\/Ravinnon-voima-768x442.jpg 768w, https:\/\/ravinnonvoima.fi\/wp-content\/uploads\/2025\/12\/Ravinnon-voima.jpg 1366w\" sizes=\"(max-width: 300px) 100vw, 300px\" \/><\/div>\n\t\t<\/a>\n\t\t\t\t<div class=\"elementor-post__text\">\n\t\t\t\t<h3 class=\"elementor-post__title\">\n\t\t\t<a href=\"https:\/\/ravinnonvoima.fi\/index.php\/2025\/12\/17\/hello-world\/\" >\n\t\t\t\tHello world!\t\t\t<\/a>\n\t\t<\/h3>\n\t\t\t\t<div class=\"elementor-post__meta-data\">\n\t\t\t\t\t<span class=\"elementor-post-date\">\n\t\t\t17.12.2025\t\t<\/span>\n\t\t\t\t<span class=\"elementor-post-avatar\">\n\t\t\tEi kommentteja\t\t<\/span>\n\t\t\t\t<\/div>\n\t\t\t\t<div class=\"elementor-post__excerpt\">\n\t\t\t<p>Hello World, Welcome to my WordPress!<\/p>\n\t\t<\/div>\n\t\t\n\t\t<a class=\"elementor-post__read-more\" href=\"https:\/\/ravinnonvoima.fi\/index.php\/2025\/12\/17\/hello-world\/\" aria-label=\"Read more about Hello world!\" tabindex=\"-1\" >\n\t\t\tRead More \u00bb\t\t<\/a>\n\n\t\t\t\t<\/div>\n\t\t\t\t<\/article>\n\t\t\t\t<\/div>\n\t\t\n\t\t\t\t\t\t<\/div>\n\t\t\t\t<\/div>\n\t\t\t\t<\/div>\n\t\t<div class=\"elementor-element elementor-element-49ebfb3 e-con-full e-flex e-con e-child\" data-id=\"49ebfb3\" data-element_type=\"container\" data-e-type=\"container\">\n\t\t\t\t<div class=\"elementor-element elementor-element-ee6a649 elementor-widget elementor-widget-wp-widget-categories\" data-id=\"ee6a649\" data-element_type=\"widget\" data-e-type=\"widget\" data-widget_type=\"wp-widget-categories.default\">\n\t\t\t\t<div class=\"elementor-widget-container\">\n\t\t\t\t\t<h5>Kategoriat<\/h5>\n\t\t\t<ul>\n\t\t\t\t\t<li class=\"cat-item cat-item-1\"><a href=\"https:\/\/ravinnonvoima.fi\/index.php\/category\/muut\/\">Muut<\/a>\n<\/li>\n\t<li class=\"cat-item cat-item-6\"><a href=\"https:\/\/ravinnonvoima.fi\/index.php\/category\/ravinto\/\">Ravinto<\/a>\n<\/li>\n\t<li class=\"cat-item cat-item-8\"><a href=\"https:\/\/ravinnonvoima.fi\/index.php\/category\/testit\/\">Testit<\/a>\n<\/li>\n\t\t\t<\/ul>\n\n\t\t\t\t\t\t\t<\/div>\n\t\t\t\t<\/div>\n\t\t\t\t<div class=\"elementor-element elementor-element-972fff4 elementor-widget elementor-widget-wp-widget-archives\" data-id=\"972fff4\" data-element_type=\"widget\" data-e-type=\"widget\" data-widget_type=\"wp-widget-archives.default\">\n\t\t\t\t<div class=\"elementor-widget-container\">\n\t\t\t\t\t<h5>Arkistot<\/h5>\n\t\t\t<ul>\n\t\t\t\t\t<li><a href='https:\/\/ravinnonvoima.fi\/index.php\/2026\/02\/'>helmikuu 2026<\/a><\/li>\n\t<li><a href='https:\/\/ravinnonvoima.fi\/index.php\/2025\/12\/'>joulukuu 2025<\/a><\/li>\n\t\t\t<\/ul>\n\n\t\t\t\t\t\t\t<\/div>\n\t\t\t\t<\/div>\n\t\t\t\t<\/div>\n\t\t\t\t\t<\/div>\n\t\t\t\t<\/div>\n\t\t\t\t<\/div>\n\t\t","protected":false},"excerpt":{"rendered":"<p>Ravintoterapeutin blogi<\/p>\n","protected":false},"author":1,"featured_media":0,"parent":0,"menu_order":0,"comment_status":"closed","ping_status":"closed","template":"","meta":{"neve_meta_sidebar":"","neve_meta_container":"","neve_meta_enable_content_width":"","neve_meta_content_width":0,"neve_meta_title_alignment":"","neve_meta_author_avatar":"","neve_post_elements_order":"","neve_meta_disable_header":"","neve_meta_disable_footer":"","neve_meta_disable_title":"on","footnotes":""},"class_list":["post-764","page","type-page","status-publish","hentry"],"yoast_head":"<!-- This site is optimized with the Yoast SEO plugin v27.3 - https:\/\/yoast.com\/product\/yoast-seo-wordpress\/ -->\n<title>Blogi - Ravinnon voima<\/title>\n<meta name=\"robots\" content=\"index, follow, max-snippet:-1, max-image-preview:large, max-video-preview:-1\" \/>\n<link rel=\"canonical\" href=\"https:\/\/ravinnonvoima.fi\/index.php\/ravintoterapeutin-blogi\/\" \/>\n<meta property=\"og:locale\" content=\"fi_FI\" \/>\n<meta property=\"og:type\" content=\"article\" \/>\n<meta property=\"og:title\" content=\"Blogi - Ravinnon voima\" \/>\n<meta property=\"og:description\" content=\"Ravintoterapeutin blogi\" \/>\n<meta property=\"og:url\" content=\"https:\/\/ravinnonvoima.fi\/index.php\/ravintoterapeutin-blogi\/\" \/>\n<meta property=\"og:site_name\" content=\"Ravinnon voima\" \/>\n<meta property=\"article:modified_time\" content=\"2026-01-20T13:09:13+00:00\" \/>\n<meta name=\"twitter:card\" content=\"summary_large_image\" \/>\n<script type=\"application\/ld+json\" class=\"yoast-schema-graph\">{\"@context\":\"https:\\\/\\\/schema.org\",\"@graph\":[{\"@type\":\"WebPage\",\"@id\":\"https:\\\/\\\/ravinnonvoima.fi\\\/index.php\\\/ravintoterapeutin-blogi\\\/\",\"url\":\"https:\\\/\\\/ravinnonvoima.fi\\\/index.php\\\/ravintoterapeutin-blogi\\\/\",\"name\":\"Blogi - Ravinnon voima\",\"isPartOf\":{\"@id\":\"https:\\\/\\\/ravinnonvoima.fi\\\/#website\"},\"datePublished\":\"2026-01-20T13:02:59+00:00\",\"dateModified\":\"2026-01-20T13:09:13+00:00\",\"breadcrumb\":{\"@id\":\"https:\\\/\\\/ravinnonvoima.fi\\\/index.php\\\/ravintoterapeutin-blogi\\\/#breadcrumb\"},\"inLanguage\":\"fi\",\"potentialAction\":[{\"@type\":\"ReadAction\",\"target\":[\"https:\\\/\\\/ravinnonvoima.fi\\\/index.php\\\/ravintoterapeutin-blogi\\\/\"]}]},{\"@type\":\"BreadcrumbList\",\"@id\":\"https:\\\/\\\/ravinnonvoima.fi\\\/index.php\\\/ravintoterapeutin-blogi\\\/#breadcrumb\",\"itemListElement\":[{\"@type\":\"ListItem\",\"position\":1,\"name\":\"Etusivu\",\"item\":\"https:\\\/\\\/ravinnonvoima.fi\\\/\"},{\"@type\":\"ListItem\",\"position\":2,\"name\":\"Blogi\"}]},{\"@type\":\"WebSite\",\"@id\":\"https:\\\/\\\/ravinnonvoima.fi\\\/#website\",\"url\":\"https:\\\/\\\/ravinnonvoima.fi\\\/\",\"name\":\"Ravinnon voima\",\"description\":\"\",\"potentialAction\":[{\"@type\":\"SearchAction\",\"target\":{\"@type\":\"EntryPoint\",\"urlTemplate\":\"https:\\\/\\\/ravinnonvoima.fi\\\/?s={search_term_string}\"},\"query-input\":{\"@type\":\"PropertyValueSpecification\",\"valueRequired\":true,\"valueName\":\"search_term_string\"}}],\"inLanguage\":\"fi\"}]}<\/script>\n<!-- \/ Yoast SEO plugin. -->","yoast_head_json":{"title":"Blogi - Ravinnon voima","robots":{"index":"index","follow":"follow","max-snippet":"max-snippet:-1","max-image-preview":"max-image-preview:large","max-video-preview":"max-video-preview:-1"},"canonical":"https:\/\/ravinnonvoima.fi\/index.php\/ravintoterapeutin-blogi\/","og_locale":"fi_FI","og_type":"article","og_title":"Blogi - Ravinnon voima","og_description":"Ravintoterapeutin blogi","og_url":"https:\/\/ravinnonvoima.fi\/index.php\/ravintoterapeutin-blogi\/","og_site_name":"Ravinnon voima","article_modified_time":"2026-01-20T13:09:13+00:00","twitter_card":"summary_large_image","schema":{"@context":"https:\/\/schema.org","@graph":[{"@type":"WebPage","@id":"https:\/\/ravinnonvoima.fi\/index.php\/ravintoterapeutin-blogi\/","url":"https:\/\/ravinnonvoima.fi\/index.php\/ravintoterapeutin-blogi\/","name":"Blogi - Ravinnon voima","isPartOf":{"@id":"https:\/\/ravinnonvoima.fi\/#website"},"datePublished":"2026-01-20T13:02:59+00:00","dateModified":"2026-01-20T13:09:13+00:00","breadcrumb":{"@id":"https:\/\/ravinnonvoima.fi\/index.php\/ravintoterapeutin-blogi\/#breadcrumb"},"inLanguage":"fi","potentialAction":[{"@type":"ReadAction","target":["https:\/\/ravinnonvoima.fi\/index.php\/ravintoterapeutin-blogi\/"]}]},{"@type":"BreadcrumbList","@id":"https:\/\/ravinnonvoima.fi\/index.php\/ravintoterapeutin-blogi\/#breadcrumb","itemListElement":[{"@type":"ListItem","position":1,"name":"Etusivu","item":"https:\/\/ravinnonvoima.fi\/"},{"@type":"ListItem","position":2,"name":"Blogi"}]},{"@type":"WebSite","@id":"https:\/\/ravinnonvoima.fi\/#website","url":"https:\/\/ravinnonvoima.fi\/","name":"Ravinnon voima","description":"","potentialAction":[{"@type":"SearchAction","target":{"@type":"EntryPoint","urlTemplate":"https:\/\/ravinnonvoima.fi\/?s={search_term_string}"},"query-input":{"@type":"PropertyValueSpecification","valueRequired":true,"valueName":"search_term_string"}}],"inLanguage":"fi"}]}},"_links":{"self":[{"href":"https:\/\/ravinnonvoima.fi\/index.php\/wp-json\/wp\/v2\/pages\/764","targetHints":{"allow":["GET"]}}],"collection":[{"href":"https:\/\/ravinnonvoima.fi\/index.php\/wp-json\/wp\/v2\/pages"}],"about":[{"href":"https:\/\/ravinnonvoima.fi\/index.php\/wp-json\/wp\/v2\/types\/page"}],"author":[{"embeddable":true,"href":"https:\/\/ravinnonvoima.fi\/index.php\/wp-json\/wp\/v2\/users\/1"}],"replies":[{"embeddable":true,"href":"https:\/\/ravinnonvoima.fi\/index.php\/wp-json\/wp\/v2\/comments?post=764"}],"version-history":[{"count":8,"href":"https:\/\/ravinnonvoima.fi\/index.php\/wp-json\/wp\/v2\/pages\/764\/revisions"}],"predecessor-version":[{"id":786,"href":"https:\/\/ravinnonvoima.fi\/index.php\/wp-json\/wp\/v2\/pages\/764\/revisions\/786"}],"wp:attachment":[{"href":"https:\/\/ravinnonvoima.fi\/index.php\/wp-json\/wp\/v2\/media?parent=764"}],"curies":[{"name":"wp","href":"https:\/\/api.w.org\/{rel}","templated":true}]}}